{"id":9,"date":"2013-07-10T15:09:11","date_gmt":"2013-07-10T15:09:11","guid":{"rendered":"http:\/\/oliwia.byethost6.com\/?page_id=9"},"modified":"2017-06-29T12:42:24","modified_gmt":"2017-06-29T12:42:24","slug":"o-nas","status":"publish","type":"page","link":"http:\/\/oliwia.net\/?page_id=9","title":{"rendered":"O nas"},"content":{"rendered":"<p><strong>Mamy bogate ponad\u00a0siedemnastoletnie do\u015bwiadczenie w bran\u017cy zabezpiecze\u0144 , zrealizowali\u015bmy wiele niekonwencjonalnych projekt\u00f3w , w\u0142\u0105cznie z zabezpieczeniem wojskowych magazyn\u00f3w broni i amunicji.<\/strong><\/p>\n<p><strong>Tworzymy nietypowe systemy zabezpieczaj\u0105ce co wysoko podnosi poprzeczk\u0119 dla potencjalnych amator\u00f3w cudzego mienia.<\/strong><\/p>\n<p><strong>Zastosowanie najnowocze\u015bniejszych metod pracy oraz wykorzystywanie profesjonalnych urz\u0105dze\u0144 i narz\u0119dzi pozwala nam na oferowanie naszych us\u0142ug na przyst\u0119pnym poziomie cenowym.<\/strong><\/p>\n<p><strong>Naszym Klientom zapewniamy kompetentny serwis i\u00a0doradztwo. Informacje pochodz\u0105ce od\u00a0Klient\u00f3w <\/strong><br \/>\n<strong>podlegaj\u0105 bie\u017c\u0105cej analizie, dzi\u0119ki czemu stanowi\u0105 silny impuls dla\u00a0rozwoju <\/strong><strong>i\u00a0doskonalenia \u015bwiadczonych us\u0142ug.<\/strong><\/p>\n<p><strong>Dobra atmosfera wsp\u00f3\u0142pracy oraz wsp\u00f3\u0142udzia\u0142 ca\u0142ej\u00a0ekipy w\u00a0procesie doskonalenia <\/strong><br \/>\n<strong>us\u0142ug firmy stanowi jeden z\u00a0kluczowych czynnik\u00f3w, kt\u00f3ry w\u00a0spos\u00f3b bezpo\u015bredni przek\u0142ada <\/strong><br \/>\n<strong>si\u0119\u00a0na stale rosn\u0105cy poziom\u00a0zadowolenia Klient\u00f3w, a w\u00a0rezultacie na lokalny sukces firmy.<\/strong><\/p>\n<p>&nbsp;<\/p>\n<p style=\"text-align: center;\"><img decoding=\"async\" loading=\"lazy\" class=\"size-full wp-image-161 aligncenter\" alt=\"About_us\" src=\"http:\/\/oliwia.net\/wp-content\/uploads\/2013\/07\/About_us.jpg\" width=\"400\" height=\"301\" srcset=\"http:\/\/oliwia.net\/wp-content\/uploads\/2013\/07\/About_us.jpg 400w, http:\/\/oliwia.net\/wp-content\/uploads\/2013\/07\/About_us-300x225.jpg 300w, http:\/\/oliwia.net\/wp-content\/uploads\/2013\/07\/About_us-200x150.jpg 200w, http:\/\/oliwia.net\/wp-content\/uploads\/2013\/07\/About_us-60x45.jpg 60w, http:\/\/oliwia.net\/wp-content\/uploads\/2013\/07\/About_us-31x23.jpg 31w, http:\/\/oliwia.net\/wp-content\/uploads\/2013\/07\/About_us-38x28.jpg 38w, http:\/\/oliwia.net\/wp-content\/uploads\/2013\/07\/About_us-285x215.jpg 285w, http:\/\/oliwia.net\/wp-content\/uploads\/2013\/07\/About_us-148x111.jpg 148w, http:\/\/oliwia.net\/wp-content\/uploads\/2013\/07\/About_us-99x75.jpg 99w\" sizes=\"(max-width: 400px) 100vw, 400px\" \/><\/p>\n","protected":false},"excerpt":{"rendered":"<p>Mamy bogate ponad\u00a0siedemnastoletnie do\u015bwiadczenie w bran\u017cy zabezpiecze\u0144 , zrealizowali\u015bmy wiele niekonwencjonalnych projekt\u00f3w , w\u0142\u0105cznie z zabezpieczeniem wojskowych magazyn\u00f3w broni i amunicji. Tworzymy nietypowe systemy zabezpieczaj\u0105ce co wysoko podnosi poprzeczk\u0119 dla potencjalnych amator\u00f3w cudzego mienia. Zastosowanie najnowocze\u015bniejszych metod pracy oraz wykorzystywanie profesjonalnych urz\u0105dze\u0144 i narz\u0119dzi pozwala nam na oferowanie naszych us\u0142ug na przyst\u0119pnym poziomie cenowym. Naszym [&hellip;]<\/p>\n","protected":false},"author":1,"featured_media":60,"parent":0,"menu_order":0,"comment_status":"open","ping_status":"open","template":"","meta":[],"_links":{"self":[{"href":"http:\/\/oliwia.net\/index.php?rest_route=\/wp\/v2\/pages\/9"}],"collection":[{"href":"http:\/\/oliwia.net\/index.php?rest_route=\/wp\/v2\/pages"}],"about":[{"href":"http:\/\/oliwia.net\/index.php?rest_route=\/wp\/v2\/types\/page"}],"author":[{"embeddable":true,"href":"http:\/\/oliwia.net\/index.php?rest_route=\/wp\/v2\/users\/1"}],"replies":[{"embeddable":true,"href":"http:\/\/oliwia.net\/index.php?rest_route=%2Fwp%2Fv2%2Fcomments&post=9"}],"version-history":[{"count":18,"href":"http:\/\/oliwia.net\/index.php?rest_route=\/wp\/v2\/pages\/9\/revisions"}],"predecessor-version":[{"id":324,"href":"http:\/\/oliwia.net\/index.php?rest_route=\/wp\/v2\/pages\/9\/revisions\/324"}],"wp:featuredmedia":[{"embeddable":true,"href":"http:\/\/oliwia.net\/index.php?rest_route=\/wp\/v2\/media\/60"}],"wp:attachment":[{"href":"http:\/\/oliwia.net\/index.php?rest_route=%2Fwp%2Fv2%2Fmedia&parent=9"}],"curies":[{"name":"wp","href":"https:\/\/api.w.org\/{rel}","templated":true}]}}